What is the tens digit of 70730521?
2
What is the millions digit of 54510990?
4
What is the hundreds digit of 3369879859?
8
What is the ten thousands digit of 191794528?
9
What is the units digit of 129025604?
4
What is the hundred thousands digit of 427103353?
1
What is the ten thousands digit of 1069602288?
0
What is the millions digit of 4515838?
4
What is the millions digit of 12163013?
2
What is the millions digit of 395098243?
5
What is the billions digit of 1558964329?
1
What is the millions digit of 7612127887?
2
What is the thousands digit of 2868968257?
8
What is the ten millions digit of 55433225?
5
What is the ten thousands digit of 1632797596?
9
What is the hundred millions digit of 4243186665?
2
What is the hundreds digit of 367021590?
5
What is the hundred millions digit of 2380716543?
3
What is the thousands digit of 98139824?
9
What is the ten millions digit of 131569855?
3
What is the units digit of 470602338?
8
What is the hundred millions digit of 107914973?
1
What is the ten millions digit of 403293752?
0
What is the thousands digit of 861810101?
0
What is the hundreds digit of 308736143?
1
What is the tens digit of 30742931?
3
What is the hundreds digit of 51294037?
0
What is the ten millions digit of 3030808204?
3
What is the hundreds digit of 42679311?
3
What is the ten thousands digit of 5425502252?
0
What is the ten thousands digit of 236635460?
3
What is the millions digit of 280487325?
0
What is the units digit of 8063072765?
5
What is the ten millions digit of 66984862?
6
What is the millions digit of 104848094?
4
What is the hundred thousands digit of 15650466?
6
What is the ten millions digit of 63683471?
6
What is the ten millions digit of 344371546?
4
What is the tens digit of 2640365?
6
What is the millions digit of 913875781?
3
What is the hundreds digit of 1217033713?
7
What is the hundred thousands digit of 129189552?
1
What is the ten millions digit of 162019913?
6
What is the units digit of 472848741?
1
What is the thousands digit of 112118865?
8
What is the millions digit of 75002715?
5
What is the millions digit of 14217913?
4
What is the millions digit of 6400607225?
0
What is the billions digit of 1154102316?
1
What is the units digit of 43641488?
8
What is the thousands digit of 154942084?
2
What is the ten thousands digit of 1533629663?
2
What is the millions digit of 69737072?
9
What is the hundreds digit of 1262658996?
9
What is the thousands digit of 278894563?
4
What is the ten thousands digit of 2096606016?
0
What is the ten millions digit of 16877430?
1
What is the hundred millions digit of 693595284?
6
What is the hundreds digit of 2087702049?
0
What is the millions digit of 196254011?
6
What is the ten millions digit of 150455986?
5
What is the units digit of 100856675?
5
What is the thousands digit of 213970873?
0
What is the billions digit of 6921026667?
6
What is the millions digit of 70646009?
0
What is the tens digit of 630570011?
1
What is the hundred thousands digit of 65067167?
0
What is the hundreds digit of 132606802?
8
What is the ten thousands digit of 2838995613?
9
What is the hundred thousands digit of 37247735?
2
What is the hundred millions digit of 286405962?
2
What is the hundred thousands digit of 6316296?
3
What is the millions digit of 386767664?
6
What is the ten thousands digit of 132079154?
7
What is the hundred thousands digit of 1091222069?
2
What is the thousands digit of 45248913?
8
What is the millions digit of 32547977?
2
What is the units digit of 39897867?
7
What is the millions digit of 1795681785?
5
What is the units digit of 108111744?
4
What is the tens digit of 1213813450?
5
What is the hundred millions digit of 6908927841?
9
What is the hundred thousands digit of 14569483?
5
What is the thousands digit of 34257023?
7
What is the hundreds digit of 225059430?
4
What is the hundreds digit of 3806511767?
7
What is the millions digit of 8158322638?
8
What is the hundreds digit of 918807983?
9
What is the millions digit of 93580149?
3
What is the billions digit of 5074750390?
5
What is the millions digit of 290042954?
0
What is the millions digit of 273964675?
3
What is the ten thousands digit of 1269078050?
7
What is the hundred thousands digit of 1217373641?
3
What is the hundreds digit of 1189503465?
4
What is the ten millions digit of 662277802?
6
What is the hundred thousands digit of 883642479?
6
What is the ten thousands digit of 3760393593?
9
What is the tens digit of 47210085?
8
What is the hundreds digit of 695434446?
4
What is the thousands digit of 186241606?
1
What is the millions digit of 111375429?
1
What is the ten millions digit of 381563046?
8
What is the thousands digit of 78526428?
6
What is the ten millions digit of 1046271328?
4
What is the hundreds digit of 57803288?
2
What is the hundred thousands digit of 549786025?
7
What is the hundred thousands digit of 6257882072?
8
What is the hundreds digit of 75182985?
9
What is the ten millions digit of 311890124?
1
What is the hundred thousands digit of 2656239577?
2
What is the ten thousands digit of 73793834?
9
What is the tens digit of 2960063975?
7
What is the units digit of 6798147?
7
What is the hundred thousands digit of 672869382?
8
What is the ten millions digit of 1423705931?
2
What is the units digit of 1478857346?
6
What is the units digit of 2081873700?
0
What is the tens digit of 233575096?
9
What is the units digit of 5121812897?
7
What is the ten millions digit of 69488955?
6
What is the ten millions digit of 6887476845?
8
What is the ten thousands digit of 31014064?
1
What is the millions digit of 286025444?
6
What is the ten thousands digit of 98546201?
4
What is the tens digit of 67755550?
5
What is the ten thousands digit of 1624302268?
0
What is the thousands digit of 706615686?
5
What is the hundred thousands digit of 254546830?
5
What is the hundred thousands digit of 4453713952?
7
What is the tens digit of 50436426?
2
What is the ten thousands digit of 27724641?
2
What is the billions digit of 4325105495?
4
What is the hundred thousands digit of 9531528?
5
What is the units digit of 36176356?
6
What is the hundred millions digit of 362074938?
3
What is the hundred thousands digit of 83499595?
4
What is the ten thousands digit of 230170038?
7
What is the millions digit of 155756540?
5
What is the units digit of 1081923585?
5
What is the hundreds digit of 1142317589?
5
What is the hundreds digit of 282928961?
9
What is the hundred thousands digit of 741456611?
4
What is the hundred thousands digit of 1220322430?
3
What is the hundreds digit of 3426641855?
8
What is the units digit of 527522519?
9
What is the hundred millions digit of 370851169?
3
What is the hundred millions digit of 364424053?
3
What is the hundred thousands digit of 92467768?
4
What is the tens digit of 1393280437?
3
What is the hundreds digit of 1111336616?
6
What is the units digit of 2092821?
1
What is the hundred thousands digit of 790468297?
4
What is the thousands digit of 313585205?
5
What is the thousands digit of 3847042913?
2
What is the millions digit of 67659470?
7
What is the millions digit of 900738682?
0
What is the thousands digit of 859068277?
8
What is the ten thousands digit of 785618174?
1
What is the ten millions digit of 117520934?
1
What is the ten thousands digit of 1345518037?
1
What is the ten thousands digit of 110207958?
0
What is the tens digit of 808177761?
6
What is the ten thousands digit of 34814336?
1
What is the tens digit of 16315429?
2
What is the ten thousands digit of 261012149?
1
What is the tens digit of 19896113?
1
What is the millions digit of 26169295?
6
What is the hundreds digit of 200105302?
3
What is the millions digit of 363852757?
3
What is the tens digit of 352031630?
3
What is the hundred millions digit of 713581862?
7
What is the ten thousands digit of 200813246?
1
What is the units digit of 406298979?
9
What is the hundred millions digit of 3714740594?
7
What is the thousands digit of 13391731?
1
What is the ten millions digit of 98085956?
9
What is the thousands digit of 182365607?
5
What is the tens digit of 1123879843?
4
What is the tens digit of 7143613074?
7
What is the billions digit of 2172972935?
2
What is the units digit of 170354688?
8